mainder when 17834 is divided by 5781.
491
Calculate the remainder when 85465 is divided by 151.
150
What is the remainder when 323079 is divided by 386?
383
What is the remainder when 4226 is divided by 4190?
36
What is the remainder when 1473 is divided by 1131?
342
What is the remainder when 39700 is divided by 88?
12
What is the remainder when 295058 is divided by 42145?
43
What is the remainder when 698 is divided by 168?
26
What is the remainder when 3741 is divided by 91?
10
Calculate the remainder when 2124 is divided by 432.
396
What is the remainder when 752260 is divided by 2?
0
What is the remainder when 1170779 is divided by 16?
11
What is the remainder when 25283 is divided by 12640?
3
What is the remainder when 7638 is divided by 761?
28
What is the remainder when 13502 is divided by 509?
268
What is the remainder when 74796 is divided by 37386?
24
What is the remainder when 1765 is divided by 737?
291
What is the remainder when 898 is divided by 222?
10
What is the remainder when 57432 is divided by 912?
888
What is the remainder when 156572 is divided by 1933?
1932
Calculate the remainder when 137484 is divided by 21.
18
Calculate the remainder when 51118 is divided by 213.
211
What is the remainder when 118140 is divided by 291?
285
What is the remainder when 5893 is divided by 2569?
755
Calculate the remainder when 190185 is divided by 162.
159
Calculate the remainder when 192758 is divided by 13.
7
Calculate the remainder when 45980 is divided by 45960.
20
Calculate the remainder when 33963 is divided by 11311.
30
What is the remainder when 211787 is divided by 212?
211
What is the remainder when 7829 is divided by 602?
3
What is the remainder when 64525 is divided by 411?
409
Calculate the remainder when 4250 is divided by 170.
0
What is the remainder when 344875 is divided by 34?
13
What is the remainder when 344407 is divided by 47?
38
What is the remainder when 6094 is divided by 278?
256
Calculate the remainder when 1758 is divided by 504.
246
Calculate the remainder when 41472 is divided by 15.
12
What is the remainder when 468335 is divided by 27?
20
What is the remainder when 11069 is divided by 89?
33
Calculate the remainder when 5380 is divided by 7.
4
Calculate the remainder when 37806 is divided by 23.
17
What is the remainder when 5241 is divided by 70?
61
Calculate the remainder when 200 is divided by 125.
75
What is the remainder when 220011 is divided by 2157?
2154
Calculate the remainder when 298324 is divided by 70.
54
What is the remainder when 2905 is divided by 1428?
49
Calculate the remainder when 189399 is divided by 25.
24
Calculate the remainder when 173858 is divided by 15805.
3
What is the remainder when 46361 is divided by 6618?
35
What is the remainder when 13450 is divided by 80?
10
Calculate the remainder when 8341230 is divided by 47.
46
What is the remainder when 63454 is divided by 110?
94
What is the remainder when 36721 is divided by 105?
76
What is the remainder when 1216 is divided by 24?
16
Calculate the remainder when 51429 is divided by 39.
27
What is the remainder when 1316 is divided by 655?
6
Calculate the remainder when 5235 is divided by 291.
288
Calculate the remainder when 256 is divided by 194.
62
What is the remainder when 6715 is divided by 472?
107
What is the remainder when 46115 is divided by 5?
0
Calculate the remainder when 4460 is divided by 22.
16
What is the remainder when 3454 is divided by 74?
50
What is the remainder when 9784 is divided by 4875?
34
What is the remainder when 20369 is divided by 163?
157
Calculate the remainder when 14448 is divided by 168.
0
What is the remainder when 317728 is divided by 890?
888
Calculate the remainder when 872 is divided by 498.
374
What is the remainder when 3978 is divided by 1305?
63
Calculate the remainder when 171079 is divided by 91.
90
Calculate the remainder when 17688 is divided by 20.
8
Calculate the remainder when 364745 is divided by 4503.
2
What is the remainder when 4646 is divided by 11?
4
Calculate the remainder when 12101 is divided by 5928.
245
Calculate the remainder when 1257428 is divided by 20.
8
What is the remainder when 8030 is divided by 102?
74
What is the remainder when 94767 is divided by 13?
10
What is the remainder when 25341 is divided by 7?
1
Calculate the remainder when 2000 is divided by 86.
22
Calculate the remainder when 47563 is divided by 210.
103
Calculate the remainder when 83474 is divided by 531.
107
What is the remainder when 281337 is divided by 540?
537
Calculate the remainder when 116396 is divided by 41.
38
What is the remainder when 48645 is divided by 139?
134
Calculate the remainder when 229187 is divided by 76388.
23
Calculate the remainder when 692461 is divided by 881.
876
What is the remainder when 5463 is divided by 4630?
833
What is the remainder when 803347 is divided by 200834?
11
Calculate the remainder when 14325 is divided by 1589.
24
Calculate the remainder when 8580 is divided by 2489.
1113
Calculate the remainder when 142233 is divided by 5689.
8
Calculate the remainder when 18298 is divided by 100.
98
Calculate the remainder when 663701 is divided by 254.
253
Calculate the remainder when 519 is divided by 173.
0
What is the remainder when 3470 is divided by 102?
2
Calculate the remainder when 249 is divided by 225.
24
Calculate the remainder when 29363 is divided by 143.
48
What is the remainder when 9480 is divided by 93?
87
What is the remainder when 1686 is divided by 18?
12
Calculate the remainder when 8925 is divided by 90.
15
What is the remainder when 96388 is divided by 102?
100
What is the remainder when 2117 is divided by 93?
71
What is the remainder when 18592 is divided by 159?
148
Calculate the remainder when 245725 is divided by 338.
337
What is the remainder when 20633 is divided by 114?
113
Calculate the remainder when 4287 is divided by 70.
17
Calculate the remainder when 16949 is divided by 26.
23
Calculate the remainder when 3110 is divided by 94.
8
Calculate the remainder when 8808 is divided by 384.
360
What is the remainder when 11836 is divided by 2954?
20
What is the remainder when 237 is divided by 39?
3
What is the remainder when 10535 is divided by 866?
143
Calculate the remainder when 69239 is divided by 13843.
24
Calculate the remainder when 125078 is divided by 424.
422
Calculate the remainder when 382859 is divided by 90.
89
What is the remainder when 4297253 is divided by 111?
110
What is the remainder when 15093 is divided by 204?
201
What is the remainder when 156237 is divided by 240?
237
Calculate the remainder when 8983 is divided by 132.
7
What is the remainder when 1037 is divided by 63?
29
What is the remainder when 27542 is divided by 180?
2
What is the remainder when 35398 is divided by 8840?
38
What is the remainder when 391479 is divided by 290?
269
Calculate the remainder when 3223 is divided by 123.
25
Calculate the remainder when 674940 is divided by 629.
23
Calculate the remainder when 1066478 is divided by 20.
18
What is the remainder when 2285 is divided by 155?
115
Calculate the remainder when 300202 is divided by 27.
16
What is the remainder when 2272 is divided by 172?
36
Calculate the remainder when 28899 is divided by 635.
324
Calculate the remainder when 887333 is divided by 8.
5
What is the remainder when 67117 is divided by 657?
103
Calculate the remainder when 4470 is divided by 342.
24
What is the remainder when 6006 is divided by 200?
6
What is the remainder when 3036 is divided by 45?
21
What is the remainder when 276646 is divided by 39513?
55
What is the remainder when 60901 is divided by 20300?
1
Calculate the remainder when 439175 is divided by 31.
29
What is the remainder when 7782 is divided by 39?
21
What is the remainder when 5882 is divided by 50?
32
Calculate the remainder when 55615 is divided by 27801.
13
What is the remainder when 535 is divided by 399?
136
What is the remainder when 1830 is divided by 54?
48
What is the remainder when 840028 is divided by 16471?
7
Calculate the remainder when 25420 is divided by 1954.
18
What is the remainder when 519847 is divided by 74?
71
What is the remainder when 1073354 is divided by 163?
162
What is the remainder when 133975 is divided by 95